{"id":9,"date":"2026-04-04T07:59:09","date_gmt":"2026-04-04T07:59:09","guid":{"rendered":"https:\/\/fiolimpo.com\/?page_id=9"},"modified":"2026-04-05T05:10:20","modified_gmt":"2026-04-05T05:10:20","slug":"fio-limpo-servicos-eletricos","status":"publish","type":"page","link":"https:\/\/fiolimpo.com\/","title":{"rendered":"In\u00edcio"},"content":{"rendered":"\n<p>Fio Limpo Servi\u00e7os El\u00e9tricos<\/p>\n\n\n\n<p style=\"font-size:clamp(14px, 0.875rem + ((1vw - 3.2px) * 0.196), 16px);\">A Fio Limpo Servi\u00e7os El\u00e9tricos \u00e9 uma empresa especializada em servi\u00e7os de eletricidade e infraestrutura el\u00e9trica, com foco na montagem de linhas el\u00e9tricas de baixa e m\u00e9dia tens\u00e3o e na execu\u00e7\u00e3o de projetos el\u00e9tricos para diferentes setores.<\/p>\n\n\n\n<p style=\"font-size:0px\"><br>A empresa atua na instala\u00e7\u00e3o, manuten\u00e7\u00e3o e moderniza\u00e7\u00e3o de redes el\u00e9tricas, incluindo montagem de postes, cabos, transformadores e equipamentos de distribui\u00e7\u00e3o de energia.<\/p>\n\n\n\n<p style=\"font-size:clamp(14px, 0.875rem + ((1vw - 3.2px) * 0.098), 15px);\">A Fio Limpo Servi\u00e7os El\u00e9tricos tamb\u00e9m presta servi\u00e7os de instala\u00e7\u00f5es el\u00e9tricas industriais, comerciais e residenciais, al\u00e9m de manuten\u00e7\u00e3o e repara\u00e7\u00e3o de sistemas el\u00e9tricos, garantindo seguran\u00e7a, qualidade e efici\u00eancia em cada projeto realizado.<\/p>\n\n\n\n<p style=\"font-size:clamp(14px, 0.875rem + ((1vw - 3.2px) * 0.196), 16px);\"><br>Com compromisso com boas pr\u00e1ticas t\u00e9cnicas e normas de seguran\u00e7a, a empresa trabalha para oferecer solu\u00e7\u00f5es el\u00e9tricas confi\u00e1veis e contribuir para o desenvolvimento de infraestruturas energ\u00e9ticas modernas e eficientes.<\/p>\n\n\n\n<p style=\"font-size:clamp(14px, 0.875rem + ((1vw - 3.2px) * 0.196), 16px);\">A Fio Limpo Servi\u00e7os El\u00e9tricos tamb\u00e9m trabalha em parceria com lojas e fornecedores de material el\u00e9trico, garantindo acesso a equipamentos e materiais de qualidade para a montagem de linhas el\u00e9tricas, instala\u00e7\u00e3o de transformadores e execu\u00e7\u00e3o de diferentes projetos el\u00e9tricos.<br>Essas parcerias permitem oferecer solu\u00e7\u00f5es eficientes, seguras e com materiais confi\u00e1veis para todos os nossos clientes.<\/p>\n","protected":false},"excerpt":{"rendered":"<p>Fio Limpo Servi\u00e7os El\u00e9tricos A Fio Limpo Servi\u00e7os El\u00e9tricos \u00e9 uma empresa especializada em servi\u00e7os de eletricidade e infraestrutura el\u00e9trica, com foco na montagem de linhas el\u00e9tricas de baixa e m\u00e9dia tens\u00e3o e na execu\u00e7\u00e3o de projetos el\u00e9tricos para diferentes setores. A empresa atua na instala\u00e7\u00e3o, manuten\u00e7\u00e3o e moderniza\u00e7\u00e3o de redes el\u00e9tricas, incluindo montagem de [&hellip;]<\/p>\n","protected":false},"author":1,"featured_media":0,"parent":0,"menu_order":0,"comment_status":"closed","ping_status":"closed","template":"","meta":{"footnotes":""},"class_list":["post-9","page","type-page","status-publish","hentry"],"_links":{"self":[{"href":"https:\/\/fiolimpo.com\/index.php?rest_route=\/wp\/v2\/pages\/9","targetHints":{"allow":["GET"]}}],"collection":[{"href":"https:\/\/fiolimpo.com\/index.php?rest_route=\/wp\/v2\/pages"}],"about":[{"href":"https:\/\/fiolimpo.com\/index.php?rest_route=\/wp\/v2\/types\/page"}],"author":[{"embeddable":true,"href":"https:\/\/fiolimpo.com\/index.php?rest_route=\/wp\/v2\/users\/1"}],"replies":[{"embeddable":true,"href":"https:\/\/fiolimpo.com\/index.php?rest_route=%2Fwp%2Fv2%2Fcomments&post=9"}],"version-history":[{"count":4,"href":"https:\/\/fiolimpo.com\/index.php?rest_route=\/wp\/v2\/pages\/9\/revisions"}],"predecessor-version":[{"id":32,"href":"https:\/\/fiolimpo.com\/index.php?rest_route=\/wp\/v2\/pages\/9\/revisions\/32"}],"wp:attachment":[{"href":"https:\/\/fiolimpo.com\/index.php?rest_route=%2Fwp%2Fv2%2Fmedia&parent=9"}],"curies":[{"name":"wp","href":"https:\/\/api.w.org\/{rel}","templated":true}]}}